34. Determine k(-4).
26
Let n(f) = -2*f**2 - 70*f + 1032. What is n(13)?
-216
Let b(u) = 5*u**2 - 802*u + 9856. Determine b(147).
7
Let h(s) = 9*s - 106. Determine h(46).
308
Let y(g) = 2*g**3 + 3*g**2 - g + 2. Give y(6).
536
Let w(g) = g**3 - 5*g**2 - 81*g + 344. Determine w(4).
4
Let v(h) = -76*h - 1767. What is v(-26)?
209
Let b(g) = -97*g - 2021. Calculate b(-21).
16
Let f(g) = 10*g + 158. Determine f(-9).
68
Let i(k) = 2*k**2 - 138*k - 967. Calculate i(76).
97
Let w(l) = l**2 - 130*l + 2181. Calculate w(19).
72
Let k(p) = p**2 - 51*p + 384. Give k(42).
6
Let u(j) = -j**3 + 11*j**2 + 3*j - 26. Calculate u(11).
7
Let r(o) = o**3 - o**2 + 17*o - 31. Give r(2).
7
Let y(z) = -23*z - 610. Give y(-27).
11
Let b(n) = -103*n + 497. Give b(5).
-18
Let h(n) = 3*n**3 + 35*n**2 - 14*n + 9. What is h(-12)?
33
Let a(s) = -8*s**2 + 799*s + 81. Calculate a(100).
-19
Let i(p) = -p**3 - 14*p**2 + 24*p - 68. What is i(-16)?
60
Let l(z) = 46*z - 2379. Give l(52).
13
Let f(m) = -29*m + 3892. Calculate f(134).
6
Let b(h) = -h**3 + h**2 + 4*h - 3. Give b(3).
-9
Let v(h) = 6*h - 46. Give v(7).
-4
Let v(h) = -33*h - 710. Calculate v(-22).
16
Let k(p) = -p**2 + 540*p + 83118. What is k(-125)?
-7
Let y(x) = 70*x + 151. Calculate y(-2).
11
Let d(w) = w**3 - 5*w**2 + 38*w - 137. What is d(4)?
-1
Let x(u) = 15*u - 298. Calculate x(45).
377
Let p(m) = m**3 - 77*m**2 - 74*m - 307. Give p(78).
5
Let s(b) = 4*b**2 - 90*b - 108. Give s(24).
36
Let g(k) = 2*k**3 - 32*k**2 - 159*k + 2. Calculate g(-4).
-2
Let s(w) = -w**2 + 25*w + 1730. What is s(56)?
-6
Let b(r) = r**3 + 73*r**2 - 78*r - 328. Calculate b(-74).
-32
Let q(s) = -2*s + 27. Give q(16).
-5
Let t(n) = n**3 - 11*n**2 + 19*n - 121. What is t(10)?
-31
Let i(k) = -k**2 - 105*k - 947. Calculate i(-100).
-447
Let x(b) = -b**3 + 4*b**2 + 8*b + 93. Give x(7).
2
Let f(o) = 820*o + 27028. Give f(-33).
-32
Let i(p) = 90*p + 609. Determine i(-7).
-21
Let x(g) = g**3 + 4*g**2 + g - 855. Calculate x(0).
-855
Let y(z) = -8*z**2 - 824*z + 824. Calculate y(1).
-8
Let m(s) = -5008*s - 15022. Determine m(-3).
2
Let a(q) = -22*q - 921. What is a(-42)?
3
Let v(w) = w**3 + 19*w**2 - 19*w + 8. Give v(-20).
-12
Let g(f) = -2*f**2 - 31*f + 300. Calculate g(7).
-15
Let b(f) = -f**2 - 2741*f + 33032. What is b(12)?
-4
Let k(i) = -88*i - 655. Calculate k(-8).
49
Let k(g) = 1479*g + 1508. What is k(-1)?
29
Let f(a) = 833*a + 2505. Calculate f(-3).
6
Let s(k) = -k**2 + 770*k + 11008. Give s(-14).
32
Let o(l) = -291*l - 18621. Calculate o(-64).
3
Let r(p) = 2*p**2 + 8*p - 45. Give r(5).
45
Let s(m) = 77*m - 39. Determine s(2).
115
Let v(a) = a**3 + 13*a**2 - 2*a + 181. Calculate v(-14).
13
Let a(v) = -3*v**3 + 12*v**2 + 8*v - 15. What is a(4)?
17
Let y(f) = 1113*f**2 - 6668*f - 70. What is y(6)?
-10
Let j(r) = 3*r**2 - 25*r - 71. Determine j(11).
17
Let k(i) = -i**3 - 29*i**2 + 11*i + 61. What is k(-29)?
-258
Let c(f) = -49*f + 293. Calculate c(5).
48
Let z(f) = -16*f - 246. Determine z(-19).
58
Let g(a) = 14360*a - 229749. What is g(16)?
11
Let i(n) = -2086*n + 15. Calculate i(0).
15
Let u(b) = b**3 - 8*b**2 + 41*b - 52. Determine u(6).
122
Let h(k) = -2*k**3 - 30*k**2 - 6*k - 36. What is h(-15)?
54
Let d(v) = -75*v**3 - 90*v**2 - 3*v - 4. What is d(-1)?
-16
Let j(o) = o**3 - 15*o**2 - 110*o - 51. Calculate j(-5).
-1
Let b(j) = 7165*j + 107481. Determine b(-15).
6
Let f(q) = -q**3 - 115*q**2 - 937*q + 151. Determine f(-9).
-2
Let x(c) = -c**2 - 66*c + 480. What is x(6)?
48
Let z(k) = -k**2 - 77*k + 3345. Determine z(31).
-3
Let x(n) = 8*n**2 - 63*n + 45. Calculate x(9).
126
Let b(c) = -21*c + 86. What is b(5)?
-19
Let b(v) = -v**3 + 34*v**2 - 61*v - 88. What is b(32)?
8
Let w(t) = -2*t**3 - 83*t**2 + 46*t + 203. Calculate w(-42).
35
Let w(f) = 24*f**2 + 871*f - 620. Determine w(-37).
9
Let s(i) = -594*i + 10702. Give s(18).
10
Let j(q) = -2*q - 13. Calculate j(-23).
33
Let s(a) = 127*a - 3515. Calculate s(28).
41
Let v(n) = 4*n**3 + 20*n**2 - 17*n + 42. Calculate v(-6).
0
Let j(a) = 2*a**2 + 59*a + 299. Determine j(-24).
35
Let i(a) = 19*a - 536. What is i(16)?
-232
Let v(n) = -7*n**2 - 117*n - 21. Determine v(-12).
375
Let j(s) = s**3 + s**2 - 15*s + 10. What is j(2)?
-8
Let r(f) = 196*f**2 + 4315*f + 1. Calculate r(-22).
-65
Let v(w) = w**2 - 39*w + 197. Calculate v(33).
-1
Let d(f) = 151*f + 816. Determine d(-10).
-694
Let n(x) = 616*x - 3022. Determine n(5).
58
Let q(g) = -2*g**3 + 129*g**2 - 428*g + 48. Give q(61).
-13
Let a(s) = 257*s + 3116. What is a(-12)?
32
Let f(s) = s**2 + 23*s - 25. Determine f(2).
25
Let o(m) = 2*m**3 - 254*m**2 + 500*m - 27. What is o(125)?
-27
Let r(m) = -7*m**2 + 164*m - 717. Give r(19).
-128
Let o(l) = 28*l**3 + 5*l**2 - 4*l + 1. Give o(1).
30
Let f(i) = -3*i**3 - 3*i**2 + 10*i + 40. Calculate f(-3).
64
Let i(q) = 19*q + 104. What is i(3)?
161
Let v(l) = -354*l + 1040. Determine v(3).
-22
Let y(p) = 25*p**2 + 19*p - 43. Calculate y(2).
95
Let u(f) = 47*f**2 - 45*f - 1. Calculate u(4).
571
Let g(a) = 5*a**3 + 2*a**2 - 27*a + 58. Give g(-6).
-788
Let z(q) = 15*q**2 - 10*q - 22. Calculate z(2).
18
Let d(k) = 2*k**3 + 13*k**2 + 54*k + 105. Calculate d(-3).
6
Let u(p) = p**2 - 12*p + 26. Give u(0).
26
Let s(o) = -627*o - 69599. Determine s(-111).
-2
Let k(f) = f**2 + 18*f + 269. Give k(-9).
188
Let v(k) = -k**3 - 22*k**2 - 40*k - 35. What is v(-20)?
-35
Let a(c) = -59*c - 8906. Give a(-151).
3
Let r(j) = -31*j - 170. Calculate r(-5).
-15
Let s(u) = 79*u - 1670. Determine s(21).
-11
Let w(d) = d**3 - 5*d**2 - 18*d + 70. Determine w(3).
-2
Let o(k) = -k**3 + 10*k**2 + 33*k - 67. What is o(12)?
41
Let o(q) = q**3 - 22*q**2 + 35*q + 46. What is o(20)?
-54
Let s(d) = d**3 - 6*d**2 - 11*d + 17. Calculate s(8).
57
Let x(n) = 3*n**3 + 2*n**2 - n - 1. Calculate x(2).
29
Let z(g) = -21*g + 20. What is z(10)?
-190
Let h(u) = -u**2 - 36*u + 37. Determine h(-34).
105
Let r(q) = 3*q**2 + 6*q + 10. Give r(-8).
154
Let g(d) = -2962*d + 50359. What is g(17)?
5
Let f(h) = -17025*h - 3. What is f(0)?
-3
Let x(w) = 272*w + 799. Calculate x(-3).
-17
Let c(d) = -d**2 + 39*d - 54. Calculate c(36).
54
Let p(f) = 3*f**2 + 4*f - 9. Give p(5).
86
Let t(b) = -b**3 - 6*b**2 + 35*b + 194. What is t(-5)?
-6
Let r(w) = -w**3 - 30*w**2 - 127*w + 38. Determine r(-25).
88
Let p(b) = 2*b**3 - 37*b**2 - 212*b + 105. Determine p(23).
-10
Let h(f) = -21*f + 19. Calculate h(-3).
82
Let s(c) = -5*c**3 - 6*c**2 + 14*c + 35. What is s(-3)?
74
Let y(b) = 14*b**3 + 4*b**2 - 3*b + 12. Determine y(3).
417
Let p(g) = -g**3 + g**2 - 53*g + 170. Determine p(3).
-7
Let g(m) = 6726*m - 6727. Determine g(1).
-1
Let d(c) = -90*c + 2470. What is d(27)?
40
Let u(n) = 78*n**3 - 2*n**2 - 10*n - 8. Give u(-1).
-78
Let m(b) = -59*b + 1308. What is m(22)?
10
Let j(m) = -2*m**2 + 31*m - 102. Give j(4).
-10
Let u(c) = -2*c**3 - 128*c**2 + 15*c + 949. Determine u(-64).
-11
Let c(b) = 241*b + 511. What is c(-2)?
29
Let u(l) = -l**3 - 16*l**2 - 53*l - 204. Give u(-13).
-22
Let u(v) = 24*v**2 - 257*v - 258. Determine u(-1).
23
Let l(b) = -2*b**3 - 27*b**2 + 21*b + 94. Determine l(-14).
-4
Let f(s) = -77*s - 591. Give f(-9).
102
Let y(m) = 167*m**2 + 167*m. Determine y(-1).
0
Let a(q) = 97*q + 81. Calculate a(-3).
-210
Let w(y) = -9*y**2 - 33*y - 23. Give w(-6).
-149
Let m(i) = 32*i - 246. What is m(8)?
10
Let q(l) = -l**3 - 37*l**2 + 101. Give q(-37).
101
Let r(x) = -2*x**3 - 4*x**2 + 3*x + 10. Calculate r(-3).
19
Let u(i) = 66*i + 2269. Determine u(-30).
289
Let u(d) = 6*d**2 - 72*d - 150. Determine u(14).
18
Let s(p) = 7*p**3 - 154*p**2 + 155*p - 143. Give s(21).
25
Let a(n) = 3*n**2 + 248*n + 1314. Calculate a(-6).
-66
Let q(b) = -1464*b + 30737. What is q(21)?
-7
Let j(w) = -1691*w + 37206. Give j(22).
4
Let l(i) = 300*i - 1820. Determine l(6).
-20
Let r(a) = 278*a + 558. Give r(-2).
2
Let q(a) = -2*a**3 + 85*a**2 - 199*a + 57. Calculate q(40).
97
Let s(x) = 4*x - 75. Give s(4).
-59
Let u(x) = x**2 - 26*x + 6. Calculate u(31).
161
Let k(v) = 94*v + 2528. Determine k(-27).
-10
Let j(a) = -34*a - 364. What is j(-10)?
-24
Let t(u) = 7*u**3 - 711*u**2 + 407*u - 299. What is t(101)?
4
Let l(c) = c**3 + 61*c**2 + 62*c - 95. What is l(-60)?
-215
Let m(s) = -3467*s + 72807. Give m(21).
0
Let u(b) = -b**2 - 68*b + 68. Give u(1).
-1
Let o(u) = 6*u - 308. Determine o(22).
-176
Let y